 m(-1).
5
Let g(k) be the second derivative of k**6/720 - 7*k**5/120 - k**4/3 + 3*k. Let r(p) be the third derivative of g(p). Give r(0).
-7
Suppose 26 = -5*j + t, -5*t - 12 - 20 = 2*j. Let i(d) be the second derivative of d**3/6 + 3*d**2/2 + 2*d. Determine i(j).
-3
Let d(g) = 12*g + 1. Let v(p) = 4*p. Let h(y) = -3*d(y) + 8*v(y). Determine h(-4).
13
Let x(a) = 14*a**3 + 18*a**2 + 15*a - 2. Let j(y) = 5*y**3 + 6*y**2 + 5*y - 1. Let c(n) = 11*j(n) - 4*x(n). Give c(-5).
-3
Let u(q) = -2*q - 3. Let p be u(-4). Let t be 30/(-9)*(-9)/p. Suppose 0*s = 2*s + t. Let x(o) = -o**3 - 3*o**2 - o + 2. Give x(s).
5
Let v(m) = m**3 - 5*m**2 - 8*m + 6. Let o be 4/2 - 1 - -2. Suppose -u + x = o*u - 19, -2*x = u - 16. Give v(u).
-6
Let k(u) = 0*u - 43 - 8*u + 49. Calculate k(4).
-26
Suppose -z = -r + 1, r - 3*r + 3*z = 3. Let u(p) be the third derivative of p**4/24 + p**3/6 + p**2. Determine u(r).
7
Let t(n) = -n - 1. Let s(z) = z. Let o(q) = -2*s(q) - 3*t(q). Suppose 8 + 1 = -3*m. Calculate o(m).
0
Let t(m) = -2. Let h(f) = -f + 8. Let p(c) = 2*h(c) + 9*t(c). Give p(-5).
8
Let n(f) = f**3 + 3*f**2 + 2*f - 4. Let b be 20/6*(-3)/(-2). Suppose -h + 17 = 5*s, -3*h + 15 = -0*h + 3*s. Suppose -b = t - h. Determine n(t).
-10
Suppose -2*i - s + 0 = 9, 3*s = -2*i - 3. Let o(f) = f**2 + 7*f + 5. Calculate o(i).
-1
Let g(b) = -b - 4. Let n be g(-8). Let w(y) = y**2 + 3*y**2 - 3*y**2 - n*y - 1. Let h be w(3). Let l(o) = -o - 9. Calculate l(h).
-5
Let s(z) be the third derivative of z**5/60 + z**4/8 - z**3/3 - 8*z**2. Let n(f) = f**2 + 1. Let b be n(0). Let j be (-2)/5*5/b. Calculate s(j).
-4
Let v(h) be the second derivative of 0 - 5/6*h**3 - h - 2*h**2 - 1/12*h**4. Let g(a) = -a - 14. Let m be g(-9). Calculate v(m).
-4
Let j(b) = 2*b + 8. Suppose -4*r = -3*a + 39, -3*r = -4*a + 37 + 1. Calculate j(r).
-4
Let d(b) = b + 8. Let z(t) = -t - 8. Suppose 0*w + w - 5*a = -3, 0 = -2*w - 3*a - 6. Let o(q) = w*z(q) - 4*d(q). Calculate o(-4).
-4
Let o = 69 + -71. Let q(l) = 7*l + 2. What is q(o)?
-12
Let u be (-3 + 2)*(-40)/10. Let y(i) = -i - 1. Let j(o) = 8*o + 7. Let m(h) = -3*j(h) - 21*y(h). What is m(u)?
-12
Let a(c) = c + 5. Suppose 35 = 5*b - 4*f, f = -3*b - f - 1. Suppose -b*m + 0*m - 6 = -2*k, -k = m + 7. Give a(k).
2
Let j(a) be the first derivative of a**2 - 4*a - 19. What is j(-4)?
-12
Let w(f) = -f**3 + 4*f**2 + 2*f. Let p be 1/((-3)/(-3))*0. Suppose p*v - v - 6 = 0. Let n = v + 10. Give w(n).
8
Let s(d) = -d**3 + 6*d**2 - 3*d - 6. Suppose -3*b + 4*b = 0. Suppose -2*x + 12 - 2 = b. What is s(x)?
4
Suppose 36 = -3*b + 3*j, 4*j + 5 + 13 = -2*b. Let o(a) = -3*a - 3. Let y(z) = -16*z - 15. Let i(v) = b*o(v) + 2*y(v). What is i(-6)?
-3
Let a(b) = -b**2 - 4*b + 0 + b + 7. Suppose 2*s - 2*v = 0, -4*s - 4*v = 53 - 13. Determine a(s).
-3
Let w(q) be the first derivative of -2*q**4 + q**2/2 + 4. Calculate w(1).
-7
Let p be 1*-3*(-1)/3. Let v = p - 6. Let z(f) = -f**3 - 5*f**2 + 6. Give z(v).
6
Let a(z) = z**3 - 4*z**2 - 8*z + 6. Suppose -m + p + 8 = 0, 4*m - 15 = -3*p - 4. Calculate a(m).
-9
Let j = -5 + 1. Let o(s) be the third derivative of -1/6*s**4 + 1/2*s**3 + 1/120*s**6 + s**2 + 0 + 1/20*s**5 + 0*s. Determine o(j).
3
Let d(f) = -5*f**3 - f**2 - f. Let c(h) = -h. Let r be c(-3). Suppose 3*p = -4*l + l, 4*p + r*l = -1. Determine d(p).
5
Let z = 4 + -4. Let b be (2 - z)*(-1 + 2). Let j(v) = -3*v + 3*v + b*v + 4. Give j(-5).
-6
Let d(q) = q + 11. Suppose -t + 10 = t, -t - 31 = 4*i. Let k be d(i). Let x(a) = a + 1. Let s(c) = 8*c + 1. Let b(h) = -s(h) + 4*x(h). Give b(k).
-5
Let d(h) = -2*h + 13. Let c be d(8). Let p(v) = 2*v**3 + 5*v**2 + 2*v + 2. Let m(k) = k**3 - k + 1. Let a(t) = m(t) - p(t). Give a(c).
-10
Let z(n) = n**3 - n**2 - n + 1. Let d(b) = 7*b**3 - 4*b**2 - 3*b + 2. Let h(i) = -i**3 + i - 1. Let p(v) = -d(v) + 5*h(v). Let u(a) = p(a) + 6*z(a). Give u(1).
-7
Let h be 1/(2/6 + 0). Suppose -2 = -h*l + 7. Let n(a) = -a**2 + 3*a + 4. Calculate n(l).
4
Let t = -8 + 11. Let w(a) = -t*a**2 - 2*a + 10*a**3 - 3 - 11*a**3 - a + 2*a. Calculate w(-3).
0
Suppose 2*y = 8 - 4. Let k(u) = u**2 - u**2 + u**y + 1. Give k(0).
1
Let f(a) be the second derivative of -a**4/12 + 5*a**3/6 + 3*a**2/2 - 9*a. Determine f(6).
-3
Let n(a) = -a + 3. Suppose i - 4 + 2 = 0. Suppose 5*b - 7*b = 0. Suppose -2*c + c + i = b. Give n(c).
1
Let z(p) be the second derivative of -p**3/6 + p**2/2 - p. What is z(-2)?
3
Let d(x) = 43*x**3 - 3*x - 13*x**3 - 15*x**3 - 14*x**3 - 3*x**2. Determine d(4).
4
Let d(k) = -5*k - 3. Let a(p) be the third derivative of -27*p**4/8 - 8*p**3 + 3*p**2. Let m(q) = -2*a(q) + 33*d(q). Calculate m(-2).
3
Let s(a) = -11*a**2 - 15*a - 6. Let l(w) = -7*w**2 - 10*w - 4. Let g(d) = 8*l(d) - 5*s(d). Let j = -612 + 608. Calculate g(j).
2
Let z = -1 + 4. Suppose 5*n - 3*j + 22 = 0, 8 = -z*n + 4*j - 14. Let c(p) = 7*p + 3. Give c(n).
-11
Let u(a) = 4*a + 3. Let p = -7 + 12. Suppose 0 = -5*i + r - p, -2*r = -6*i + i - 10. Suppose -4*v = -i*v + 8. What is u(v)?
-5
Let d(t) = -4*t**2 + t. Suppose -158 = 2*l - 160. Give d(l).
-3
Let b = 1 + 4. Suppose -1 = -b*y + 4. Let n(j) = -6*j**3 + 5*j**2 + 5*j + 2. Let h(d) = 3*d**3 - 2*d**2 - 2*d - 1. Let k(v) = -5*h(v) - 2*n(v). Calculate k(y).
-2
Let y(k) = -8*k + 2*k + 2*k - 2*k**2 + k**2. Calculate y(-3).
3
Suppose 0 = -0*s - 5*s + 20. Suppose -4*b + 3*b - 4*y = -10, 3*b + 2*y = 10. Let t(z) = -2 - b + 3*z + 6 - z**2 - 2*z. What is t(s)?
-10
Let d(t) = -4*t**2 - 8*t + 3. Let u(f) = f**2 + f - 1. Let j(i) = -d(i) - 3*u(i). What is j(-4)?
-4
Let d(f) = f**2 - 6*f + 6. Let l be (-2)/(-7) + 54/7. Let p be 4/6*156/l. Let j = -8 + p. Give d(j).
1
Let m(b) be the third derivative of b**8/20160 + b**7/840 - b**6/360 + b**5/12 + b**2. Let l(v) be the third derivative of m(v). Give l(-5).
-7
Let f(n) be the second derivative of n**2 + 0 + 1/4*n**4 + 0*n**3 + 2*n. Let b(q) be the first derivative of f(q). Determine b(1).
6
Let o(k) = -k**3 - 9*k**2 + 11*k + 15. Let z be o(-10). Let j = 3 - z. Let c(b) = 4*b + 1. What is c(j)?
-7
Let f(l) = -4 + 1 + 6 + 10 - l**2. Give f(0).
13
Suppose 5*h - 80 = 15*h. Let r(z) = z**2 + 9*z + 3. What is r(h)?
-5
Let p(i) = i - 2. Let s(d) = d + d + 0*d. Suppose 5*m = 8*m + 6. Let q be s(m). Determine p(q).
-6
Let j(o) = 8*o**2 - 35 + 4*o**3 - 5*o**3 - 6*o + 25. Calculate j(7).
-3
Let l be (-2)/9 - 2/(-9). Suppose 4 = g - l. Let x(j) be the first derivative of -j**4/4 + 5*j**3/3 - 3*j**2/2 + 4*j + 7. Determine x(g).
8
Let g(h) = h - 2. Let o(j) = 3*j + 53. Let i be o(-16). Determine g(i).
3
Let o(n) = -60 - 53 - n**3 + 3*n**2 + 109. Let u = 5 - 2. Give o(u).
-4
Let t(u) be the second derivative of u**4/12 + 3*u**3/2 + 4*u**2 - 12*u - 2. Calculate t(-10).
18
Let j(g) = 14*g**3 + 20*g**3 - 33*g**3 + 7*g - 2 + 8*g**2. Calculate j(-7).
-2
Suppose 8*g = 4*g + 12. Let r be -1 + g + 0/(-4). Suppose -3 = -t + 4*i + r, 0 = -2*t + i + 3. Let v(o) = 8*o**2. Determine v(t).
8
Suppose -4 = 2*g + 2*g. Let v be (6/(-8))/(g/4). Let b(w) be the third derivative of w**5/60 - w**4/24 + 3*w**2. Determine b(v).
6
Suppose -4*y - y - 40 = 0. Let s(b) = b**3 + 9*b**2 + 8*b + 4. What is s(y)?
4
Let o(w) be the first derivative of -3*w**4 - w**2/2 + w + 5. Calculate o(1).
-12
Let y be (1/3)/(1/15). Let f(a) be the third derivative of -1/12*a**5 + 0 + 2*a**2 + 0*a**4 + 1/6*a**3 + 0*a + 1/120*a**6. What is f(y)?
1
Let n(u) = u**2 - 6*u - 8. Let p(q) = -q**2 + 6*q + 9. Let i(z) = 4*n(z) + 3*p(z). Calculate i(8).
11
Let g(v) be the second derivative of -v**3/3 - 3*v**2/2 + 3*v + 2. Give g(3).
-9
Suppose -4*f - 7 = -3. Let n = 5 + f. Let m(v) = -v**3 + 5*v**2 - 4*v. Give m(n).
0
Let k(l) = l - l**2 + 0 - 1 + 0*l - 94*l**3 + 107*l**3. Give k(1).
12
Suppose x + 5*y = 20, -4*x = x + 2*y - 31. Let d(p) = p**2 - 5*p - 6. Determine d(x).
-6
Let m(d) be the third derivative of -d**6/120 + d**5/20 - d**4/24 + d**3/6 + d**2. Determine m(3).
-2
Let c(n) = -n**3 + n**2 + 3*n - 3. Let r be c(0). Let i(v) = v**2 + 4*v + 3. Calculate i(r).
0
Let i = 14 - 23. Let s = i + 11. Let n(t) = t**2 - 4*t - 1. Determine n(s).
-5
Let d be (-32)/(-10) - (-2)/(-10). Suppose -3*w - 2 + 5 = -2*y, 4*y - d = 3*w. Suppose 0 = 2*r + r + l + 2, -3*l = -w. Let m(o) = 7*o**2 - o - 1. What is m(r)?
7
Let v(d) = d**2 - 9*d + 11. Let l(r) = r**2 + 9*r - 14. Let g be l(-11). Give v(g).
3
L